{"id":66,"date":"2025-11-18T21:11:54","date_gmt":"2025-11-18T21:11:54","guid":{"rendered":"http:\/\/lojavirtual.local\/?post_type=product&#038;p=66"},"modified":"2025-11-28T18:16:40","modified_gmt":"2025-11-28T18:16:40","slug":"oleo-capilar-cravo-e-alecrim","status":"publish","type":"product","link":"https:\/\/ingridnogueiraweb.com.br\/flordosol\/produto\/oleo-capilar-cravo-e-alecrim\/","title":{"rendered":"\u00d3leo Capilar Cravo e Alecrim"},"content":{"rendered":"<p>Um \u00f3leo excepicional com ingredientes naturais que recupera a sa\u00fade e o brilho dos fios agindo da ra\u00edz as pontas.<\/p>\n<p>Cont\u00e9m \u00d3leo de Coco, \u00d3leo de r\u00edcino, Cravo e Alecrim<\/p>\n","protected":false},"excerpt":{"rendered":"<p>Um \u00f3leo excepicional com ingredientes naturais que recupera a sa\u00fade e o brilho dos fios agindo da ra\u00edz as pontas.<\/p>\n","protected":false},"featured_media":570,"comment_status":"open","ping_status":"closed","template":"","meta":[],"product_brand":[],"product_cat":[17,27],"product_tag":[],"class_list":{"0":"post-66","1":"product","2":"type-product","3":"status-publish","4":"has-post-thumbnail","6":"product_cat-cabelos","7":"product_cat-oleos","9":"first","10":"instock","11":"sale","12":"shipping-taxable","13":"purchasable","14":"product-type-simple"},"_links":{"self":[{"href":"https:\/\/ingridnogueiraweb.com.br\/flordosol\/wp-json\/wp\/v2\/product\/66","targetHints":{"allow":["GET"]}}],"collection":[{"href":"https:\/\/ingridnogueiraweb.com.br\/flordosol\/wp-json\/wp\/v2\/product"}],"about":[{"href":"https:\/\/ingridnogueiraweb.com.br\/flordosol\/wp-json\/wp\/v2\/types\/product"}],"replies":[{"embeddable":true,"href":"https:\/\/ingridnogueiraweb.com.br\/flordosol\/wp-json\/wp\/v2\/comments?post=66"}],"wp:featuredmedia":[{"embeddable":true,"href":"https:\/\/ingridnogueiraweb.com.br\/flordosol\/wp-json\/wp\/v2\/media\/570"}],"wp:attachment":[{"href":"https:\/\/ingridnogueiraweb.com.br\/flordosol\/wp-json\/wp\/v2\/media?parent=66"}],"wp:term":[{"taxonomy":"product_brand","embeddable":true,"href":"https:\/\/ingridnogueiraweb.com.br\/flordosol\/wp-json\/wp\/v2\/product_brand?post=66"},{"taxonomy":"product_cat","embeddable":true,"href":"https:\/\/ingridnogueiraweb.com.br\/flordosol\/wp-json\/wp\/v2\/product_cat?post=66"},{"taxonomy":"product_tag","embeddable":true,"href":"https:\/\/ingridnogueiraweb.com.br\/flordosol\/wp-json\/wp\/v2\/product_tag?post=66"}],"curies":[{"name":"wp","href":"https:\/\/api.w.org\/{rel}","templated":true}]}}