{"id":551,"date":"2025-11-28T13:59:21","date_gmt":"2025-11-28T13:59:21","guid":{"rendered":"http:\/\/lojavirtual.local\/?post_type=product&#038;p=551"},"modified":"2025-11-28T14:43:50","modified_gmt":"2025-11-28T14:43:50","slug":"condicionador-solido-natural","status":"publish","type":"product","link":"https:\/\/ingridnogueiraweb.com.br\/flordosol\/produto\/condicionador-solido-natural\/","title":{"rendered":"Condicionador S\u00f3lido Natural"},"content":{"rendered":"<p>Hidrata\u00e7\u00e3o na medida certa. F\u00f3rmula rica em \u00f3leos vegetais que desembara\u00e7a, reduz o frizz e deixa o cabelo soltinho. Sustent\u00e1vel, econ\u00f4mico e perfeito para acompanhar o shampoo s\u00f3lido.<\/p>\n","protected":false},"excerpt":{"rendered":"<p>Hidrata\u00e7\u00e3o na medida certa. F\u00f3rmula rica em \u00f3leos vegetais que desembara\u00e7a, reduz o frizz e deixa o cabelo soltinho. Sustent\u00e1vel, econ\u00f4mico e perfeito para acompanhar o shampoo s\u00f3lido.<\/p>\n","protected":false},"featured_media":552,"comment_status":"open","ping_status":"closed","template":"","meta":[],"product_brand":[],"product_cat":[17,22],"product_tag":[],"class_list":{"0":"post-551","1":"product","2":"type-product","3":"status-publish","4":"has-post-thumbnail","6":"product_cat-cabelos","7":"product_cat-condicionadores","9":"first","10":"instock","11":"shipping-taxable","12":"purchasable","13":"product-type-simple"},"_links":{"self":[{"href":"https:\/\/ingridnogueiraweb.com.br\/flordosol\/wp-json\/wp\/v2\/product\/551","targetHints":{"allow":["GET"]}}],"collection":[{"href":"https:\/\/ingridnogueiraweb.com.br\/flordosol\/wp-json\/wp\/v2\/product"}],"about":[{"href":"https:\/\/ingridnogueiraweb.com.br\/flordosol\/wp-json\/wp\/v2\/types\/product"}],"replies":[{"embeddable":true,"href":"https:\/\/ingridnogueiraweb.com.br\/flordosol\/wp-json\/wp\/v2\/comments?post=551"}],"wp:featuredmedia":[{"embeddable":true,"href":"https:\/\/ingridnogueiraweb.com.br\/flordosol\/wp-json\/wp\/v2\/media\/552"}],"wp:attachment":[{"href":"https:\/\/ingridnogueiraweb.com.br\/flordosol\/wp-json\/wp\/v2\/media?parent=551"}],"wp:term":[{"taxonomy":"product_brand","embeddable":true,"href":"https:\/\/ingridnogueiraweb.com.br\/flordosol\/wp-json\/wp\/v2\/product_brand?post=551"},{"taxonomy":"product_cat","embeddable":true,"href":"https:\/\/ingridnogueiraweb.com.br\/flordosol\/wp-json\/wp\/v2\/product_cat?post=551"},{"taxonomy":"product_tag","embeddable":true,"href":"https:\/\/ingridnogueiraweb.com.br\/flordosol\/wp-json\/wp\/v2\/product_tag?post=551"}],"curies":[{"name":"wp","href":"https:\/\/api.w.org\/{rel}","templated":true}]}}